factor of 99190 and 1230?
10
What is the greatest common factor of 167265 and 15305?
5
Calculate the greatest common divisor of 721450 and 36200.
50
Calculate the highest common factor of 2550 and 2347530.
510
What is the greatest common factor of 1060277918 and 6447?
2149
Calculate the highest common factor of 7333352 and 3295.
659
Calculate the highest common divisor of 3044464 and 5152.
368
Calculate the highest common factor of 663975 and 226773.
2043
What is the greatest common divisor of 734 and 52471091?
367
What is the highest common factor of 123279 and 268047?
1131
Calculate the highest common factor of 2519897 and 232.
29
Calculate the greatest common divisor of 320 and 30464040.
40
What is the highest common divisor of 94 and 21188681?
47
Calculate the highest common factor of 1930 and 2052630.
10
What is the highest common factor of 23 and 141282560?
23
Calculate the greatest common divisor of 80004 and 69444.
12
Calculate the greatest common factor of 23205623 and 1813.
259
Calculate the greatest common divisor of 376 and 142770.
2
What is the greatest common divisor of 2915411 and 299?
23
What is the greatest common divisor of 152 and 10656378?
38
What is the highest common factor of 23 and 2918309?
23
What is the highest common factor of 6330 and 20738135?
1055
Calculate the greatest common factor of 15719872 and 352.
32
Calculate the greatest common divisor of 6 and 2281911.
3
What is the greatest common factor of 246945 and 33252?
489
Calculate the greatest common factor of 15697 and 897.
1
Calculate the highest common factor of 6769696 and 8471628.
9508
Calculate the greatest common divisor of 82391 and 91227.
47
What is the greatest common factor of 30142 and 2422?
14
What is the greatest common divisor of 3092 and 208948?
4
What is the highest common factor of 25634250 and 10?
10
What is the greatest common divisor of 49742679 and 108003?
2919
Calculate the greatest common divisor of 28701 and 12231.
27
Calculate the greatest common divisor of 31167923 and 513.
19
What is the greatest common divisor of 93805 and 1334858?
257
Calculate the highest common divisor of 551 and 2802937.
551
Calculate the highest common divisor of 244416 and 136344.
456
What is the greatest common divisor of 119 and 117676363?
119
What is the greatest common factor of 6797704 and 606?
202
What is the highest common factor of 31551 and 119613?
39
Calculate the highest common factor of 60 and 23420565.
15
Calculate the greatest common factor of 338611297 and 4703.
4703
What is the greatest common divisor of 23350959 and 6660?
333
What is the highest common factor of 6 and 1232205474?
6
What is the greatest common divisor of 9040663 and 116?
29
Calculate the highest common factor of 15194508 and 252.
84
Calculate the greatest common factor of 726 and 118239.
33
What is the highest common factor of 1236796425 and 1350?
675
What is the greatest common divisor of 351672 and 33?
3
Calculate the highest common factor of 24220 and 570208.
692
Calculate the highest common divisor of 1512 and 8946720.
216
Calculate the highest common divisor of 16918 and 40766.
22
Calculate the highest common factor of 27093078 and 10688.
334
Calculate the highest common divisor of 891150 and 98255.
2285
Calculate the greatest common factor of 17624812 and 964.
964
What is the highest common factor of 76 and 81809326?
38
What is the highest common divisor of 545670 and 50?
10
Calculate the greatest common divisor of 402 and 1010488506.
402
What is the greatest common divisor of 426 and 21678501?
213
What is the highest common factor of 1755058790 and 10?
10
What is the highest common divisor of 43 and 15001625?
43
What is the highest common factor of 66 and 319341?
33
What is the greatest common factor of 15677492 and 4?
4
What is the highest common factor of 6766 and 7718?
34
Calculate the highest common factor of 30736 and 9450416.
1808
Calculate the highest common divisor of 53 and 5177411.
53
Calculate the greatest common factor of 2656 and 45746114.
166
What is the greatest common divisor of 28416936 and 738?
246
What is the greatest common divisor of 226176 and 3285132?
372
Calculate the greatest common divisor of 335659640 and 20.
20
Calculate the highest common divisor of 216 and 6058125.
27
Calculate the greatest common factor of 38500 and 339248.
28
What is the highest common factor of 18160 and 44557376?
3632
What is the highest common factor of 640 and 115203456?
128
Calculate the highest common factor of 144640 and 523190.
1130
Calculate the highest common factor of 936126105 and 4370.
2185
Calculate the highest common factor of 180 and 194662965.
15
What is the greatest common factor of 4259470 and 9002585?
8485
What is the greatest common divisor of 13276520 and 51980?
460
Calculate the highest common factor of 5044592 and 204400.
8176
Calculate the highest common factor of 183335 and 6077803.
991
Calculate the highest common factor of 123966 and 134442.
1746
What is the greatest common divisor of 27430 and 2097762?
422
What is the highest common factor of 32602312 and 16?
8
What is the greatest common divisor of 34 and 54190152?
34
What is the greatest common divisor of 260 and 358840?
20
What is the greatest common divisor of 3972016 and 3757?
289
Calculate the greatest common divisor of 120832444 and 4023.
149
What is the highest common factor of 297 and 43752060?
99
Calculate the highest common divisor of 94 and 34912399.
47
What is the highest common factor of 3999430 and 13135?
355
Calculate the greatest common factor of 411159 and 1248.
3
Calculate the highest common factor of 156 and 29138544.
12
What is the greatest common factor of 828 and 441068148?
828
What is the highest common factor of 15 and 696441945?
15
Calculate the greatest common divisor of 120185 and 191880.
65
Calculate the greatest common factor of 382996 and 32798.
1058
What is the greatest common factor of 30208 and 3580928?
512
Calculate the highest common divisor of 89 and 41477827.
89
What is the greatest common divisor of 1839892 and 123224?
292
What is the greatest common divisor of 454701 and 628251?
3471
Calculate the greatest common divisor of 1221 and 2262150.
33
Calculate the greatest common divisor of 1398860 and 138.
46
Calculate the greatest common factor of 3880 and 143306830.
970
What is the greatest common factor of 3267101 and 2581?
89
What is the highest common divisor of 10092843 and 12879?
4293
What is the highest common factor of 4409860 and 32760?
1820
Calculate the highest common factor of 7480 and 536860.
340
Calculate the highest common factor of 38493593 and 17.
17
What is the highest common divisor of 2856414 and 1056?
66
What is the greatest common divisor of 9077 and 14229293?
313
What is the highest common factor of 829075 and 54145?
65
What is the highest common divisor of 47 and 1862808434?
47
What is the highest common divisor of 212273 and 777202?
79
What is the highest common factor of 419310 and 6480?
270
What is the highest common divisor of 2171 and 4276909?
13
Calculate the greatest common divisor of 3366 and 3030665.
11
What is the highest common factor of 1211 and 5039317?
173
Calculate the highest common factor of 443756252 and 724.
724
What is the highest common divisor of 165348 and 51084?
108
Calculate the highest common divisor of 923676408 and 72.
72
What is the highest common factor of 422871 and 8562001?
4547
What is the highest common divisor of 504 and 1105788?
12
Calculate the highest common factor of 22950795 and 70.
35
What is the greatest common divisor of 3659838 and 364?
182
What is the highest common divisor of 71685480 and 30?
30
What is the highest common divisor of 5 and 166461660?
5
Calculate the highest common divisor of 21084 and 7357476.
84
Calculate the highest common factor of 632362 and 472.
118
Calculate the highest common factor of 117 and 69996537.
117
What is the highest common divisor of 3014011 and 7007?
1001
Calculate the highest common divisor of 203 and 41060369.
7
Calculate the greatest common divisor of 8 and 33118376.
8
What is the greatest common factor of 150684 and 89697?
87
What is the greatest common factor of 2170 and 3165100?
310
What is the greatest common divisor of 67491824 and 1552?
1552
W